{"id":1859,"date":"2025-06-26T23:52:14","date_gmt":"2025-06-26T20:52:14","guid":{"rendered":"https:\/\/rkeeper.us\/?page_id=1859"},"modified":"2025-08-07T13:25:23","modified_gmt":"2025-08-07T10:25:23","slug":"itsepalvelukioskit","status":"publish","type":"page","link":"https:\/\/rkeeper.fi\/?page_id=1859","title":{"rendered":"Itsepalvelukioskit"},"content":{"rendered":"\t\t<div data-elementor-type=\"wp-page\" data-elementor-id=\"1859\" class=\"elementor elementor-1859 elementor-1787\" data-elementor-post-type=\"page\">\n\t\t\t\t<div class=\"elementor-element elementor-element-45a7e7ff e-flex e-con-boxed e-con e-parent\" data-id=\"45a7e7ff\" data-element_type=\"container\" data-e-type=\"container\">\n\t\t\t\t\t<div class=\"e-con-inner\">\n\t\t\t\t<div class=\"elementor-element elementor-element-7639dded elementor-widget elementor-widget-heading\" data-id=\"7639dded\" data-element_type=\"widget\" data-e-type=\"widget\" data-widget_type=\"heading.default\">\n\t\t\t\t<div class=\"elementor-widget-container\">\n\t\t\t\t\t<h3 class=\"elementor-heading-title elementor-size-default\">Itsepalvelukioskit<\/h3>\t\t\t\t<\/div>\n\t\t\t\t<\/div>\n\t\t\t\t<div class=\"elementor-element elementor-element-60686d3 elementor-widget elementor-widget-text-editor\" data-id=\"60686d3\" data-element_type=\"widget\" data-e-type=\"widget\" data-widget_type=\"text-editor.default\">\n\t\t\t\t<div class=\"elementor-widget-container\">\n\t\t\t\t\t\t\t\t\t<h2 id=\"Empower-your-fast-food-experience-with-r_keeper-kiosks-1\"><strong>Paranna pikaruokakokemustasi r_keeper-kioskeilla<\/strong><\/h2><figure class=\"image image-style-align-left image_resized\"><img fetchpriority=\"high\" decoding=\"async\" class=\"alignright\" src=\"https:\/\/img.perfectwiki.xyz\/insecure\/resize:fit:400\/aHR0cHM6Ly9zdG9yYWdlLmdvb2dsZWFwaXMuY29tL3BlcmZlY3Rfd2lraS9jMThmZTZmNy03MTRiLTQxMzItYmI1NC0zNTY0ODc3NWVkMGMvY1NJdzZ0a3l0OFU2UTIxZUlGQk4vJUQwJUI4JUQwJUI3JUQwJUJFJUQwJUIxJUQxJTgwJUQwJUIwJUQwJUI2JUQwJUI1JUQwJUJEJUQwJUI4JUQwJUI1X2Q2NTk2NWQzLTFkNDUtNDYyOC05ZTkxLWJlOGUxYzc1ODBhMy5wbmc.webp\" sizes=\"100vw\" srcset=\"https:\/\/img.perfectwiki.xyz\/insecure\/resize:fit:400\/aHR0cHM6Ly9zdG9yYWdlLmdvb2dsZWFwaXMuY29tL3BlcmZlY3Rfd2lraS9jMThmZTZmNy03MTRiLTQxMzItYmI1NC0zNTY0ODc3NWVkMGMvY1NJdzZ0a3l0OFU2UTIxZUlGQk4vJUQwJUI4JUQwJUI3JUQwJUJFJUQwJUIxJUQxJTgwJUQwJUIwJUQwJUI2JUQwJUI1JUQwJUJEJUQwJUI4JUQwJUI1X2Q2NTk2NWQzLTFkNDUtNDYyOC05ZTkxLWJlOGUxYzc1ODBhMy5wbmc.webp 400w, https:\/\/img.perfectwiki.xyz\/insecure\/resize:fit:800\/aHR0cHM6Ly9zdG9yYWdlLmdvb2dsZWFwaXMuY29tL3BlcmZlY3Rfd2lraS9jMThmZTZmNy03MTRiLTQxMzItYmI1NC0zNTY0ODc3NWVkMGMvY1NJdzZ0a3l0OFU2UTIxZUlGQk4vJUQwJUI4JUQwJUI3JUQwJUJFJUQwJUIxJUQxJTgwJUQwJUIwJUQwJUI2JUQwJUI1JUQwJUJEJUQwJUI4JUQwJUI1X2Q2NTk2NWQzLTFkNDUtNDYyOC05ZTkxLWJlOGUxYzc1ODBhMy5wbmc.webp 800w, https:\/\/img.perfectwiki.xyz\/insecure\/resize:fit:1200\/aHR0cHM6Ly9zdG9yYWdlLmdvb2dsZWFwaXMuY29tL3BlcmZlY3Rfd2lraS9jMThmZTZmNy03MTRiLTQxMzItYmI1NC0zNTY0ODc3NWVkMGMvY1NJdzZ0a3l0OFU2UTIxZUlGQk4vJUQwJUI4JUQwJUI3JUQwJUJFJUQwJUIxJUQxJTgwJUQwJUIwJUQwJUI2JUQwJUI1JUQwJUJEJUQwJUI4JUQwJUI1X2Q2NTk2NWQzLTFkNDUtNDYyOC05ZTkxLWJlOGUxYzc1ODBhMy5wbmc.webp 1200w, https:\/\/img.perfectwiki.xyz\/insecure\/aHR0cHM6Ly9zdG9yYWdlLmdvb2dsZWFwaXMuY29tL3BlcmZlY3Rfd2lraS9jMThmZTZmNy03MTRiLTQxMzItYmI1NC0zNTY0ODc3NWVkMGMvY1NJdzZ0a3l0OFU2UTIxZUlGQk4vJUQwJUI4JUQwJUI3JUQwJUJFJUQwJUIxJUQxJTgwJUQwJUIwJUQwJUI2JUQwJUI1JUQwJUJEJUQwJUI4JUQwJUI1X2Q2NTk2NWQzLTFkNDUtNDYyOC05ZTkxLWJlOGUxYzc1ODBhMy5wbmc.webp 1400w\" alt=\"tuotteet \/ 1 Itsepalvelukioskit \u2705  \" width=\"428\" height=\"426\"><\/figure><h3 id=\"Quick.-Efficient.-User-Friendly.-2\"><strong>Nopea. Tehokas. K\u00e4ytt\u00e4j\u00e4yst\u00e4v\u00e4llinen.  <\/strong><\/h3><p>Nopeat, tehokkaat ja uskomattoman k\u00e4ytt\u00e4j\u00e4yst\u00e4v\u00e4lliset kioskimme antavat asiakkaille mahdollisuuden tehd\u00e4 tilauksia haluamallaan tavalla, mik\u00e4 lyhent\u00e4\u00e4 odotusaikoja ja lis\u00e4\u00e4 tyytyv\u00e4isyytt\u00e4. Sukella ruokailun tulevaisuuteen, jossa teknologia kohtaa maun. Paranna ravintolasi tehokkuutta ja seuraa liiketoimintasi kasvua <strong>r_keeperill\u00e4<\/strong>. Ota yhteytt\u00e4 jo t\u00e4n\u00e4\u00e4n ja muuta palvelusi!   <\/p><ul><li>\u201dV\u00e4henn\u00e4 odotusaikoja\u201d<\/li><li>\u201dParanna asiakastyytyv\u00e4isyytt\u00e4\u201d<\/li><li>\u201dLis\u00e4\u00e4 tilauksen tarkkuutta\u201d<\/li><li>\u201dLis\u00e4\u00e4 myynti\u00e4 lis\u00e4- ja ristiinmyynnill\u00e4\u201d<\/li><\/ul><h2 id=\"How-R-Keeper-Kiosks-Work-1\"><strong>Kuinka r_keeper-kioskit toimivat<\/strong><\/h2><ul><li>\u201dHelppo asennus\u201d<\/li><li>\u201dSaumaton tilaaminen\u201d<\/li><li>\u201dV\u00e4lit\u00f6n maksunk\u00e4sittely\u201d<\/li><li>\u201dNopea tilauksen t\u00e4ytt\u00e4minen\u201d<\/li><\/ul><h2><strong>R_keeper-kioskien hy\u00f6dyt<\/strong><\/h2><p><strong style=\"letter-spacing: 0px; word-spacing: 0em; background-color: transparent;\">&#8221;Tehosta toimintojasi&#8221; <\/strong><span style=\"letter-spacing: 0px; word-spacing: 0em; background-color: transparent;\">tarkoituksena on mullistaa tapa, jolla pikaruokaravintolat hallitsevat p\u00e4ivitt\u00e4isi\u00e4 ty\u00f6nkulkujaan ja asiakaskohtaamisiaan. <\/span><span style=\"letter-spacing: 0px; word-spacing: 0em; background-color: transparent;\">T\u00e4ss\u00e4 l\u00e4hestymistavassa hy\u00f6dynnet\u00e4\u00e4n kehittynytt\u00e4 teknologiaa ravintolasi tehostamiseksi ja rutiiniteht\u00e4viin k\u00e4ytetyn ajan ja vaivan v\u00e4hent\u00e4miseksi.<\/span><\/p><p><strong style=\"background-color: transparent; letter-spacing: 0px; word-spacing: 0em;\">Nopeampi tilausprosessi:<\/strong><span style=\"background-color: transparent; letter-spacing: 0px; word-spacing: 0em;\"> T\u00e4m\u00e4 lyhent\u00e4\u00e4 jonotusaikoja ja v\u00e4hent\u00e4\u00e4 henkil\u00f6kunnan kuormitusta ruuhka-aikoina.<\/span><\/p><p><strong style=\"background-color: transparent; letter-spacing: 0px; word-spacing: 0em;\">Parannettu tilausten tarkkuus:<\/strong><span style=\"background-color: transparent; letter-spacing: 0px; word-spacing: 0em;\">  Itsepalvelukioskien avulla asiakkaat voivat muokata tilauksensa juuri sellaiseksi kuin he haluavat, mik\u00e4 v\u00e4hent\u00e4\u00e4 huomattavasti perinteisten tilausmenetelmien virheiden mahdollisuutta. T\u00e4m\u00e4 tarkkuus varmistaa, ett\u00e4 asiakkaat saavat juuri sen, mit\u00e4 he ovat tilanneet, mik\u00e4 lis\u00e4\u00e4 tyytyv\u00e4isyytt\u00e4 ja v\u00e4hent\u00e4\u00e4 h\u00e4vikki\u00e4. <\/span><\/p><p><strong style=\"background-color: transparent; letter-spacing: 0px; word-spacing: 0em;\">Henkil\u00f6st\u00f6n tehokas kohdentaminen:<\/strong><span style=\"background-color: transparent; letter-spacing: 0px; word-spacing: 0em;\">  Automatisoimalla tilausten vastaanottoprosessin henkil\u00f6st\u00f6si voi keskitty\u00e4 muihin kriittisiin osa-alueisiin, kuten ruoanvalmistukseen ja asiakaspalveluun. T\u00e4m\u00e4 henkil\u00f6st\u00f6resurssien optimaalinen kohdentaminen varmistaa, ett\u00e4 toimintasi sujuu moitteettomasti, mik\u00e4 parantaa ravintolasi kokonaistehokkuutta. <\/span><\/p><p><img decoding=\"async\" class=\"alignleft\" style=\"margin: 8px 8px 0px;\" src=\"https:\/\/img.perfectwiki.xyz\/insecure\/resize:fit:400\/aHR0cHM6Ly9zdG9yYWdlLmdvb2dsZWFwaXMuY29tL3BlcmZlY3Rfd2lraS9jMThmZTZmNy03MTRiLTQxMzItYmI1NC0zNTY0ODc3NWVkMGMvY1NJdzZ0a3l0OFU2UTIxZUlGQk4vJUQwJUI4JUQwJUI3JUQwJUJFJUQwJUIxJUQxJTgwJUQwJUIwJUQwJUI2JUQwJUI1JUQwJUJEJUQwJUI4JUQwJUI1XzI4MzhjZjMwLTdiYTAtNDI4OC04NWE5LWUyYTNjZjM0M2EzMi5wbmc.webp\" sizes=\"100vw\" srcset=\"https:\/\/img.perfectwiki.xyz\/insecure\/resize:fit:400\/aHR0cHM6Ly9zdG9yYWdlLmdvb2dsZWFwaXMuY29tL3BlcmZlY3Rfd2lraS9jMThmZTZmNy03MTRiLTQxMzItYmI1NC0zNTY0ODc3NWVkMGMvY1NJdzZ0a3l0OFU2UTIxZUlGQk4vJUQwJUI4JUQwJUI3JUQwJUJFJUQwJUIxJUQxJTgwJUQwJUIwJUQwJUI2JUQwJUI1JUQwJUJEJUQwJUI4JUQwJUI1XzI4MzhjZjMwLTdiYTAtNDI4OC04NWE5LWUyYTNjZjM0M2EzMi5wbmc.webp 400w, https:\/\/img.perfectwiki.xyz\/insecure\/resize:fit:800\/aHR0cHM6Ly9zdG9yYWdlLmdvb2dsZWFwaXMuY29tL3BlcmZlY3Rfd2lraS9jMThmZTZmNy03MTRiLTQxMzItYmI1NC0zNTY0ODc3NWVkMGMvY1NJdzZ0a3l0OFU2UTIxZUlGQk4vJUQwJUI4JUQwJUI3JUQwJUJFJUQwJUIxJUQxJTgwJUQwJUIwJUQwJUI2JUQwJUI1JUQwJUJEJUQwJUI4JUQwJUI1XzI4MzhjZjMwLTdiYTAtNDI4OC04NWE5LWUyYTNjZjM0M2EzMi5wbmc.webp 800w, https:\/\/img.perfectwiki.xyz\/insecure\/resize:fit:1200\/aHR0cHM6Ly9zdG9yYWdlLmdvb2dsZWFwaXMuY29tL3BlcmZlY3Rfd2lraS9jMThmZTZmNy03MTRiLTQxMzItYmI1NC0zNTY0ODc3NWVkMGMvY1NJdzZ0a3l0OFU2UTIxZUlGQk4vJUQwJUI4JUQwJUI3JUQwJUJFJUQwJUIxJUQxJTgwJUQwJUIwJUQwJUI2JUQwJUI1JUQwJUJEJUQwJUI4JUQwJUI1XzI4MzhjZjMwLTdiYTAtNDI4OC04NWE5LWUyYTNjZjM0M2EzMi5wbmc.webp 1200w, https:\/\/img.perfectwiki.xyz\/insecure\/aHR0cHM6Ly9zdG9yYWdlLmdvb2dsZWFwaXMuY29tL3BlcmZlY3Rfd2lraS9jMThmZTZmNy03MTRiLTQxMzItYmI1NC0zNTY0ODc3NWVkMGMvY1NJdzZ0a3l0OFU2UTIxZUlGQk4vJUQwJUI4JUQwJUI3JUQwJUJFJUQwJUIxJUQxJTgwJUQwJUIwJUQwJUI2JUQwJUI1JUQwJUJEJUQwJUI4JUQwJUI1XzI4MzhjZjMwLTdiYTAtNDI4OC04NWE5LWUyYTNjZjM0M2EzMi5wbmc.webp 1400w\" alt=\"tuotteet \/ 1 Itsepalvelukioskit \u2705  \" width=\"485\" height=\"324\"><\/p><p><strong style=\"background-color: transparent; letter-spacing: 0px; word-spacing: 0em;\">Tietoon perustuvat oivallukset:<\/strong><span style=\"background-color: transparent; letter-spacing: 0px; word-spacing: 0em;\">  R-Keeper-kioskit ker\u00e4\u00e4v\u00e4t arvokasta tietoa asiakkaiden mieltymyksist\u00e4 ja tilaustottumuksista. N\u00e4it\u00e4 tietoja voidaan analysoida, jotta voidaan tehd\u00e4 tietoon perustuvia p\u00e4\u00e4t\u00f6ksi\u00e4 ruokalistan mukauttamisesta, myynninedist\u00e4misstrategioista ja ruuhka-aikojen henkil\u00f6st\u00f6m\u00e4\u00e4r\u00e4st\u00e4, mik\u00e4 sujuvoittaa toimintaa entisest\u00e4\u00e4n ja r\u00e4\u00e4t\u00e4l\u00f6i ruokailukokemuksen asiakkaidesi makuun sopivaksi. <\/span><\/p><p><strong style=\"background-color: transparent; letter-spacing: 0px; word-spacing: 0em;\">&#8221;Anna asiakkaillesi mahdollisuus&#8221;  <\/strong><span style=\"background-color: transparent; letter-spacing: 0px; word-spacing: 0em;\">antaa asiakkaille mahdollisuuden hallita ruokailukokemustaan pikaruokaravintolassasi. N\u00e4m\u00e4 kioskit tarjoavat intuitiivisen ja vuorovaikutteisen tilausprosessin, jonka avulla asiakkaat voivat selata ruokalistaa omaan tahtiinsa, muokata tilauksiaan t\u00e4sm\u00e4lleen omien mieltymystens\u00e4 mukaan ja jopa tutustua uusiin tuotteisiin tai kampanjoihin. T\u00e4m\u00e4 itseohjautuva l\u00e4hestymistapa parantaa asiakastyytyv\u00e4isyytt\u00e4 tarjoamalla asiakkaille valinnanvaraa ja joustavuutta, mutta my\u00f6s sitouttaa heid\u00e4t moderniin, teknisesti edistykselliseen ruokailukokemukseen. Asiakkaiden voimaannuttaminen t\u00e4ll\u00e4 tavoin voi johtaa tilauksen arvon kasvuun lis\u00e4myyntimahdollisuuksien ja henkil\u00f6kohtaisemman palvelun kautta, mik\u00e4 edist\u00e4\u00e4 asiakasuskollisuutta ja toistuvaa liiketoimintaa.   <\/span><\/p><p><strong style=\"background-color: transparent; letter-spacing: 0px; word-spacing: 0em;\">&#8221;Paranna tulostasi&#8221;  <\/strong><span style=\"background-color: transparent; letter-spacing: 0px; word-spacing: 0em;\">teknologian hy\u00f6dynt\u00e4minen vaikuttaa suoraan pikaruokaravintolasi kannattavuuteen. T\u00e4ss\u00e4 kerrotaan, miten kioskien integrointi voi lis\u00e4t\u00e4 tuloja: <\/span><\/p><p><strong style=\"background-color: transparent; letter-spacing: 0px; word-spacing: 0em;\">Upselling ja Cross-Selling:<\/strong><span style=\"background-color: transparent; letter-spacing: 0px; word-spacing: 0em;\">  Kioskit voivat ehdottaa automaattisesti lis\u00e4osia tai p\u00e4ivityksi\u00e4 tilaushetkell\u00e4, mik\u00e4 kannustaa asiakkaita tekem\u00e4\u00e4n lis\u00e4ostoksia. Esimerkiksi juoman ehdottaminen hampurilaisen kanssa tai lisukkeen tarjoaminen alennettuun hintaan, kun se ostetaan p\u00e4\u00e4aterian kanssa. T\u00e4m\u00e4 ei ainoastaan lis\u00e4\u00e4 tilauksen keskim\u00e4\u00e4r\u00e4ist\u00e4 arvoa, vaan se tapahtuu my\u00f6s ilman, ett\u00e4 lis\u00e4myynti\u00e4 koetaan liian tungettelevaksi.  <\/span><\/p><p><strong style=\"background-color: transparent; letter-spacing: 0px; word-spacing: 0em;\">Alhaisemmat ty\u00f6voimakustannukset:<\/strong><span style=\"background-color: transparent; letter-spacing: 0px; word-spacing: 0em;\">  Automatisoimalla tilausprosessin voit kohdentaa henkil\u00f6st\u00f6\u00e4 uudelleen kriittisimmille toiminta-alueille tai v\u00e4hent\u00e4\u00e4 henkil\u00f6st\u00f6n m\u00e4\u00e4r\u00e4\u00e4 v\u00e4hemm\u00e4n kiireisin\u00e4 aikoina. T\u00e4m\u00e4 optimointi voi johtaa merkitt\u00e4viin s\u00e4\u00e4st\u00f6ihin ty\u00f6voimakustannuksissa, jotka ovat yksi ravintola-alan merkitt\u00e4vimmist\u00e4 kustannuksista. <\/span><\/p><p><strong>Lis\u00e4\u00e4ntynyt l\u00e4pimeno:<\/strong> T\u00e4m\u00e4 lis\u00e4\u00e4 asiakkaiden l\u00e4pimenoa erityisesti ruuhka-aikoina. T\u00e4m\u00e4 tehokkuus tarkoittaa, ett\u00e4 enemm\u00e4n myynti\u00e4 voidaan k\u00e4sitell\u00e4 lyhyemm\u00e4ss\u00e4 ajassa, mik\u00e4 lis\u00e4\u00e4 suoraan tulopotentiaalia. <\/p>\t\t\t\t\t\t\t\t<\/div>\n\t\t\t\t<\/div>\n\t\t\t\t<div class=\"elementor-element elementor-element-4800aad5 elementor-align-center elementor-mobile-align-center elementor-widget elementor-widget-button\" data-id=\"4800aad5\" data-element_type=\"widget\" data-e-type=\"widget\" data-widget_type=\"button.default\">\n\t\t\t\t<div class=\"elementor-widget-container\">\n\t\t\t\t\t\t\t\t\t<div class=\"elementor-button-wrapper\">\n\t\t\t\t\t<a class=\"elementor-button elementor-button-link elementor-size-sm\" href=\"http:\/\/rkeeper.fi\/\/?page_id=256\">\n\t\t\t\t\t\t<span class=\"elementor-button-content-wrapper\">\n\t\t\t\t\t\t\t\t\t<span class=\"elementor-button-text\">Ota yhteytt\u00e4<\/span>\n\t\t\t\t\t<\/span>\n\t\t\t\t\t<\/a>\n\t\t\t\t<\/div>\n\t\t\t\t\t\t\t\t<\/div>\n\t\t\t\t<\/div>\n\t\t\t\t\t<\/div>\n\t\t\t\t<\/div>\n\t\t\t\t<\/div>\n\t\t","protected":false},"excerpt":{"rendered":"<p>Itsepalvelukioskit Paranna pikaruokakokemustasi r_keeper-kioskeilla Nopea. Tehokas. K\u00e4ytt\u00e4j\u00e4yst\u00e4v\u00e4llinen. Nopeat, tehokkaat ja uskomattoman k\u00e4ytt\u00e4j\u00e4yst\u00e4v\u00e4lliset kioskimme antavat asiakkaille mahdollisuuden tehd\u00e4 tilauksia haluamallaan tavalla, mik\u00e4 lyhent\u00e4\u00e4 odotusaikoja ja lis\u00e4\u00e4 tyytyv\u00e4isyytt\u00e4. Sukella ruokailun tulevaisuuteen, jossa teknologia kohtaa maun. Paranna ravintolasi tehokkuutta ja seuraa liiketoimintasi kasvua r_keeperill\u00e4. Ota yhteytt\u00e4 jo t\u00e4n\u00e4\u00e4n ja muuta palvelusi! \u201dV\u00e4henn\u00e4 odotusaikoja\u201d \u201dParanna asiakastyytyv\u00e4isyytt\u00e4\u201d \u201dLis\u00e4\u00e4 tilauksen tarkkuutta\u201d [&hellip;]<\/p>\n","protected":false},"author":1,"featured_media":0,"parent":0,"menu_order":0,"comment_status":"closed","ping_status":"closed","template":"elementor_header_footer","meta":{"footnotes":""},"class_list":["post-1859","page","type-page","status-publish","hentry"],"_links":{"self":[{"href":"https:\/\/rkeeper.fi\/index.php?rest_route=\/wp\/v2\/pages\/1859","targetHints":{"allow":["GET"]}}],"collection":[{"href":"https:\/\/rkeeper.fi\/index.php?rest_route=\/wp\/v2\/pages"}],"about":[{"href":"https:\/\/rkeeper.fi\/index.php?rest_route=\/wp\/v2\/types\/page"}],"author":[{"embeddable":true,"href":"https:\/\/rkeeper.fi\/index.php?rest_route=\/wp\/v2\/users\/1"}],"replies":[{"embeddable":true,"href":"https:\/\/rkeeper.fi\/index.php?rest_route=%2Fwp%2Fv2%2Fcomments&post=1859"}],"version-history":[{"count":8,"href":"https:\/\/rkeeper.fi\/index.php?rest_route=\/wp\/v2\/pages\/1859\/revisions"}],"predecessor-version":[{"id":3776,"href":"https:\/\/rkeeper.fi\/index.php?rest_route=\/wp\/v2\/pages\/1859\/revisions\/3776"}],"wp:attachment":[{"href":"https:\/\/rkeeper.fi\/index.php?rest_route=%2Fwp%2Fv2%2Fmedia&parent=1859"}],"curies":[{"name":"wp","href":"https:\/\/api.w.org\/{rel}","templated":true}]}}